ulate the remainder when n(-2) is divided by f.
2
Let v = 176 - -4230. What is the remainder when v is divided by 76?
74
Let u be (1 - 0) + (2 - 0). Suppose 18 = -u*m + 57. Let i(s) = 4817*s - 52953. What is the remainder when i(11) is divided by m?
8
Let t = -32507 + 32552. Suppose 2*x - 3*p = 2*p + 252, -x + 2*p + 124 = 0. What is the remainder when x is divided by t?
26
Suppose -4*h = 17 + 3, 0 = 5*s - 4*h - 420. Suppose 15*v - s = 865. Calculate the remainder when v is divided by 23.
17
Let r = 32 + -30. Let i be (14 + -12)/((-1)/((-9)/r)). Suppose 0 = -i*v + 345 + 294. Calculate the remainder when v is divided by 24.
23
Let h = -174 + 354. Suppose -w + 3*w = h. What is the remainder when w is divided by 20?
10
What is the remainder when 500 is divided by (-176)/56*(-441)/21?
38
Let f(g) = 4*g + 117. Calculate the remainder when f(15) is divided by (-1365)/(-25) + (-12)/20.
15
Let n(m) = 19*m - 10. Let f(k) = 24*k - 1764. What is the remainder when n(2) is divided by f(74)?
4
Suppose 0 = 8*f + 62 - 334. Let l = -580 - -599. What is the remainder when f is divided by l?
15
Suppose y - 14 = -4*c - y, 3*c - 2*y = 7. Suppose 0 = -c*a + 42 + 3. Suppose -a = -5*o + 50. Calculate the remainder when o is divided by 7.
6
Let j(c) = 2*c**2 - 42*c - 90. What is the remainder when j(28) is divided by 27?
5
Let v(b) = -b**2 - 16*b - 9. Let f be v(-6). Let r = f + -48. Suppose r = 3*m - 57. Calculate the remainder when 50 is divided by m.
10
Let v(a) = 6*a - 165. Let f be v(28). Suppose 4*u - g = 36, -f*u + 13*g - 9*g + 14 = 0. Calculate the remainder when 38 is divided by u.
8
Suppose 4*k - 4*x = 352, -3*k - k + 317 = 3*x. Suppose 7*v = 15*v - 272. Suppose 0 = -5*c, -2*o - 3*c = c - v. Calculate the remainder when k is divided by o.
15
Suppose 126*h = 140*h - 56. Suppose b + 2*d = -40, 2*d = 7*d - 5. Let k = -15 - b. What is the remainder when k is divided by h?
3
Suppose 0*a - 5*y = -a + 348, y = 1. Suppose 3*t - 2*t + a = 4*p, 0 = -3*p - 3*t + 246. Calculate the remainder when p is divided by 7.
3
Let o(c) = -21*c + 50. Let v be o(43). Let b = 892 + v. What is the remainder when 48 is divided by b?
9
Suppose -2*p + 233 = -3*m, -p - 13*m + 130 = -10*m. What is the remainder when p is divided by (16/10)/((-10)/(-175))?
9
Let m = -10484 - -11149. What is the remainder when m is divided by 14?
7
Let m(j) = 2*j**2 - 8*j - 4. Let p be m(6). Suppose p*u - 5*u - 390 = 0. What is the remainder when u is divided by (1/(-2))/(5/(-30))?
2
Let v = 17513 + -17486. Suppose -k + 4 = h - 8, k + 8 = 4*h. Calculate the remainder when v is divided by k.
3
Let r(v) = -11*v**2 + 363*v + 13. Calculate the remainder when 35 is divided by r(33).
9
Let w(g) = 10*g - 3. Let p be w(2). Suppose -p = -l + 6. Let h(t) = 46*t + 617. Calculate the remainder when h(-12) is divided by l.
19
Suppose -o + 4*w = -6105, -11*w = 3*o - 9*w - 18203. Calculate the remainder when o is divided by 7.
4
Suppose 3*v - 2*z - 97 = 0, 3*z - 8*z - 54 = -v. Suppose -x - u - 84 = -162, -3*x = -4*u - 213. What is the remainder when x is divided by v?
17
Calculate the remainder when 1059 is divided by (-259)/(-74) + 6/4.
4
What is the remainder when 5126 is divided by 1559/7 + 518/1813?
220
Suppose 8*g + 153 = 11*g. Let j = 80 - g. Suppose j = s + 13. What is the remainder when 45 is divided by s?
13
Suppose 13*j - d = 15*j + 153, d = 5. What is the remainder when 584 is divided by (-1 - j)*(35/(-14) + 3)?
38
Let y = 1817 - 1058. What is the remainder when y is divided by (-604)/(-15) + 32/(-120)?
39
Let m(w) = w**2 + 2*w - 21. Let s be (-87)/(-232) + (-51)/8. Let y(a) = -9*a**3 + a + 1. Calculate the remainder when y(-1) is divided by m(s).
0
Suppose 6*g = 3*g + 3*m - 423, 4*g + 5*m + 582 = 0. Let i = 152 + g. Calculate the remainder when i is divided by 3.
0
Let n = 892 - 890. Suppose 3*b - 4*g = 387, -526 = -b - 3*b + n*g. Let k = 12 - -34. Calculate the remainder when b is divided by k.
41
Suppose 25*t - 20*t - 220 = 0. Suppose 2*c + 238 + t = 0. What is the remainder when 3 - c - -4*1 is divided by 30?
28
Let g(i) = 153*i - 1470. Calculate the remainder when g(13) is divided by 256.
7
Suppose -11*f + 360 = 3*f - 2*f. What is the remainder when 230 is divided by f?
20
Suppose -5*r = -4*g + 1, -6*g - 4*r - 38 = -3*g. Suppose -6*o = -20*o + 952. What is the remainder when o is divided by ((-21)/g)/((-1)/(-10))?
33
Suppose -m + 26 = -v, 39 + 41 = 5*m + 5*v. Calculate the remainder when (-181)/(-3) + 4/6 is divided by m.
19
Suppose -5*l + 31*w = 28*w - 194, 2*l - 4*w = 72. What is the remainder when 919 is divided by l?
39
Suppose 112 = 4*q + 5*p, 0 = -26*q + 22*q + 2*p + 112. Let r(t) = -2*t**3 - 9*t**2 + 10*t + 7. Calculate the remainder when r(-6) is divided by q.
27
Let i = -119 + 258. Suppose l + 2*p - 281 = 0, -l + 420 - i = -3*p. Calculate the remainder when l is divided by 71.
68
Let c = -104524 - -104572. Let q(u) be the first derivative of u**3/3 + 3*u**2/2 - u - 3. Calculate the remainder when c is divided by q(3).
14
Let m = -2289 - -2364. What is the remainder when 387 is divided by m?
12
Let w(n) = -n**2 + 16*n - 13. Calculate the remainder when w(7) is divided by 104/(-10)*(0 + 25/(-10)).
24
Suppose 184*q - 200*q = -896. Calculate the remainder when 603 is divided by q.
43
Suppose 142*g + 2*g - 251856 = 0. What is the remainder when g is divided by 346?
19
Let i(l) = -191*l**3 - 15*l**2 - 9*l + 2. What is the remainder when i(-1) is divided by 35?
12
Let g be (-8150)/30 + (-2)/(-3). Let v = -20 - g. Calculate the remainder when v is divided by 18.
17
Let n(q) = 2*q**2 - 4*q - 5. Suppose 3*g + 35 = -2*u, -2*g + 18 + 28 = -3*u. What is the remainder when 8/(u/390)*(-1)/3 is divided by n(4)?
10
Let b be (-20)/(-11) + (-16)/(-88). Suppose -12 - 6 = -b*v. Suppose v - 24 = -z. Calculate the remainder when 29 is divided by z.
14
Let k(c) be the first derivative of -2*c**2 + 17*c + 17. Let r = 175 - 125. Calculate the remainder when r is divided by k(0).
16
Calculate the remainder when 2277 is divided by (15 - (-644)/(-42))*-456.
149
Let b(r) = -r**2 + 32*r + 50. Let w = -221 - -256. What is the remainder when b(14) is divided by w?
22
Suppose 0 = 2*v - 3*x - 18, -10*x + 8 = -4*v - 15*x. What is the remainder when (v - 106/34) + (-3302)/(-34) is divided by 26?
19
Suppose -3*y = -2*l + 2259, 11*l + 3*y - 8744 = 3856. What is the remainder when l is divided by 352?
87
What is the remainder when (-1)/(8*(-4)/10240) is divided by 165?
155
Suppose 4*i = 2*u + 400, -97*i + 480 = -92*i - 5*u. Calculate the remainder when 1450 is divided by i.
98
Suppose 5*f + 130 = -3*d, 4*f - 2*f + 83 = 5*d. Let s = -22 - f. What is the remainder when (-15)/35 + 535/s is divided by 26?
24
Suppose 976 = 2*v + 2*q, 4*v - 4*q - 1836 = 140. Calculate the remainder when v is divided by 71.
65
Let g(z) = 29*z**2 + 3683*z + 80. What is the remainder when g(-127) is divided by 6?
2
Suppose -b - 3 = 4*f, 2*b - f - 16 = 2*f. Suppose 0 = b*k, 4*v - k = 6*v - 26. Calculate the remainder when v is divided by (-16 - 1242/(-92))*(-1)/((-1)/(-2)).
3
Suppose 0 = 5*s - 92 - 103. Let v(k) = 2*k**2 + 2*k + 9. Suppose 3*a = -5*r - 31 - 8, 2 = a. Calculate the remainder when v(r) is divided by s.
36
Suppose p - 1240 + 1157 = 4*g, 2*p - 117 = g. Calculate the remainder when 1236 is divided by p.
26
Suppose 0 = 6*b + 112 - 1516. Suppose 12*s - 3*s = 108. Suppose -s*g = -234 - b. What is the remainder when g is divided by 25?
14
Suppose -59*p - 61*p - 3917 = -19997. Calculate the remainder when p is divided by 106.
28
Suppose -2*l + 0*l + 4*c = -804, 0 = 7*l + c - 2754. What is the remainder when l is divided by 57?
52
Let u(p) = -p + 18. Let g(v) = v - 19. Let f(m) = 3*g(m) + 2*u(m). Let q be f(14). What is the remainder when 3 is divided by (-8 - q)*(-3)/3?
0
Suppose -16210 = -120*m + 1310. Calculate the remainder when m is divided by (1 - 21)*1/(-2).
6
Suppose 37 = 4*m + 33, -5567 = -2*x - 5*m. Calculate the remainder when x is divided by 24.
21
Let z(j) = -j**3 - 10*j**2 + 6*j + 91. What is the remainder when z(-11) is divided by 53?
40
Let y be -3*2/(-12) - (-4)/(-8). Suppose -2*t + 4*w + 160 = y, 3*t - 7*t + 4*w = -340. Calculate the remainder when t is divided by 13.
12
Let b = 201 - 207. Calculate the remainder when ((-18)/b)/(2/202